3*f + 2. Let g be d(1). Suppose h = 5, g*i - 4*h = h - 165. Let q = 145 + i. List the prime factors of q.
3, 5
Suppose -2*b - 2*b = -20. Suppose -w - 357 = -2*h + 31, h - 216 = -b*w. What are the prime factors of h?
2, 7
What are the prime factors of (5/((-350)/(-240)))/(6/10899)?
2, 3, 173
Let k = 3339 - 1123. List the prime factors of k.
2, 277
Suppose 9*j - 50 + 347 = 0. Let z = 3 - j. List the prime factors of z.
2, 3
Let j(o) = -o**3 - o. Let u be j(1). Suppose -11*b + 3*z = -4*b - 87, -5*b = -3*z - 63. List the prime factors of u/6 + 376/b.
31
Let f(o) = 13*o - 5. Let s be f(4). Suppose 138 = 2*p - h, -5*p + 2*h - 207 = -8*p. Let q = p - s. What are the prime factors of q?
2, 11
Suppose 38*w - 31240 = -2*w. List the prime factors of w.
11, 71
Let k(t) = 6*t**2 + 10*t**2 + 15*t**2 - t. Suppose 3*o + 0*o - 12 = -3*s, 0 = -5*s - 3*o + 10. List the prime factors of k(s).
2
Suppose 0*o - 5*o = -85. Suppose h + 3*t + o = 0, 3*h + 4*t - 24 = 4*h. What are the prime factors of (72/h)/(2/(-5))?
3
Suppose -2*c + 221 = 3*u - 6*u, 5*c - 375 = 5*u. Let y = 49 + u. Let l = y - -53. List the prime factors of l.
31
Let p = 6 - -9. Let z = p + -12. Suppose z*o - 91 = -5*r, 0 = 2*o + 3*o - 3*r - 163. What are the prime factors of o?
2
Let j = -100 - -60. Let i be -3*(j/6)/(-2). Let l(q) = -q**2 - 12*q + 1. List the prime factors of l(i).
3, 7
Suppose -4*d = -27 - 25. Suppose 129 = -d*p + 14*p. What are the prime factors of p?
3, 43
Let y(m) be the third derivative of m**5/20 - 7*m**4/24 + m**3 + 6*m**2. Let c be y(6). Suppose 3*t - 4*s - c = t, s + 2 = 0. List the prime factors of t.
2
Let b(n) be the second derivative of -5*n**4/4 - 7*n**3/6 - 7*n**2 - 6*n. Let z(u) be the first derivative of b(u). What are the prime factors of z(-2)?
53
List the prime factors of 3196/(-235)*(-25)/1.
2, 5, 17
Let r be (7 - 11)/(4/(-3)). Suppose 3*n = 4*y - 382, r*y - 4*n - 297 = -7. Suppose 4*o = -4*x + x + 139, -4*o = 2*x - y. List the prime factors of x.
3, 5
Let d = 452 + -320. Let a(w) = -6*w + 20. Let h be a(4). What are the prime factors of (-2)/(h*2/d)?
3, 11
Let l(h) = -207*h + 9. Let v be (35/10 - 2)*2/(-3). What are the prime factors of l(v)?
2, 3
Let a(q) = 17*q**2 + 27*q - 38. List the prime factors of a(6).
2, 23
Suppose -4330 = -9*z + 4103. What are the prime factors of z?
937
Suppose 0 = -4*u, 12*g - 8492 = 8*g - u. List the prime factors of g.
11, 193
Let r be 850/(-306) - -1*(-2)/9. Let a(y) = -37*y - 14. List the prime factors of a(r).
97
Let y(r) = 148*r - 4. Let v(g) = -37*g + 1. Let t(a) = 26*v(a) + 6*y(a). What are the prime factors of t(-1)?
2, 19
Let a = 3 - -30. Let g = a + -55. Let t = 0 - g. List the prime factors of t.
2, 11
Suppose 0 = -2*b + 10*b - 3152. List the prime factors of b.
2, 197
Let g be (1 - 2)/(3/(-9)). Let c(v) = -25*v - 1 - g - 1 - 4. What are the prime factors of c(-3)?
2, 3, 11
Let b(i) = i**3 - 3*i**2 + 14*i + 1. Let l be b(6). Suppose l = 6*r - 95. List the prime factors of r.
2, 3
Let q = -54 - 12. Let o = -33 - q. What are the prime factors of o?
3, 11
Let c(r) be the first derivative of -4*r**2 - 7*r - 1. Suppose l = 3*n - 6, 0 = 2*l + 2*n - 4*n + 8. List the prime factors of c(l).
17
Suppose 28*k - 25*k = -48. Let c(z) = -z**3 - 13*z**2 + 34*z - 39. List the prime factors of c(k).
5, 37
Suppose -37*j + 44*j = 34832. List the prime factors of j.
2, 311
Let u = 57 - 53. Suppose 2*q + 3*q + 123 = 3*b, -u*b - 3*q = -193. List the prime factors of b.
2, 23
Let a(y) = -2893*y**3 + 13*y**2 + 15*y. List the prime factors of a(-1).
7, 59
Suppose 3*p - 8 = -5*k, -p + 0 - 3 = -4*k. Let t = -39 - -34. What are the prime factors of (k - 0)/(t/(-85))?
17
Let x = 13 - 24. Let i(u) = -u**2 - 12*u - 6. Let t be i(x). Suppose -21 = -6*h + t*h. What are the prime factors of h?
3, 7
Let p(t) = t**3 + 9*t**2 - 6*t - 17. Let r be p(-8). Let d = r + -47. What are the prime factors of d?
2, 3
Suppose -2*r - 7534 = 3*t, 2*t + 4*r = -t - 7538. Let i be t/60 + 2/(-12). What are the prime factors of (-108)/i*14/3?
2, 3
Suppose -5*u = 11*u - 7904. What are the prime factors of 2*6/(-36) + u/6?
2, 41
Suppose m - 5*m + k = -9869, -3*m + 7410 = 2*k. What are the prime factors of m?
2, 617
Let u be (9/(-6) + 0)*-110. Let v = -87 + u. List the prime factors of v.
2, 3, 13
Suppose 6*s = 2*s - 16. Let q = -2 - s. Suppose 5*a - 117 + q = 0. What are the prime factors of a?
23
Let t = -528 + 3088. What are the prime factors of t?
2, 5
Let u = -4 + 9. Suppose -2 = s - 2*s - v, -s + u*v = -14. Suppose -49 - s = -r. What are the prime factors of r?
53
Suppose 1301*q - 1310*q = -30465. What are the prime factors of q?
5, 677
Suppose -4403 = -48*b + 72877. What are the prime factors of b?
2, 5, 7, 23
Let v = 5 - 5. Let t(w) = w**2 + 3*w + 3. Let m be t(-3). Suppose 4*r + m*g - 97 = v, r - 2*g - 52 = -r. What are the prime factors of r?
5
Suppose 150 = z + 4*z - 5*t, -74 = -3*z - t. Let b = 10 + z. What are the prime factors of b?
2, 3
Let g(l) = 3*l - 12. Let x = 3 + 17. Suppose a - 6*a - 4*q = -90, 4*q = x. What are the prime factors of g(a)?
2, 3, 5
Let y(d) = 3*d - 3. Let q be y(3). Suppose -21 = q*t + 3. Let z = t + 21. What are the prime factors of z?
17
Let u be (414/24 - -3)/((-3)/(-8)). Let s = u - -26. What are the prime factors of s?
2, 5
Let r be (10/3)/((24/99)/4). Suppose -87 = -4*a - r. List the prime factors of a.
2
Let l be ((-6)/(-15))/(-2 - (-124)/60). Let b(i) = 3*i**2 - 15*i - 1. What are the prime factors of b(l)?
17
Let p(g) = 5*g**2 - 6*g + 29. Let n be p(-7). Suppose 2*x + 3*c = 210, -11*c + n = 3*x - 6*c. What are the prime factors of x?
2, 3, 17
Suppose -k = -3*n - 1, 9*k - 14*k = n - 5. What are the prime factors of 1399/24*4 + k/(-6)?
233
Suppose 0 = 3*n - 5*k - 1182 - 102, -n + 5*k + 428 = 0. List the prime factors of n.
2, 107
Let n(f) = 2*f**2 + 9*f. Let a be n(-5). Suppose -a*t = -t - 20. What are the prime factors of t?
5
Let l = 269 - 202. List the prime factors of l.
67
Suppose 206 = 4*f - 5*k, 4*f - 63 = 4*k + 145. What are the prime factors of f?
2, 3
Let s(u) = 9*u + 9. Let v be s(1). Let m = -48 + 86. Let k = m - v. List the prime factors of k.
2, 5
Let u be ((-28)/6)/(12/(-18)). Suppose 2*b + 5 = u. What are the prime factors of -1*(1 - (b + 11))?
11
Let y(n) = -24 + 16 + n + 10. Let b be y(-6). What are the prime factors of ((-11)/b)/(2/16)?
2, 11
Let j = 1 - 1. Let z be 1 + (1 - 5)/(-4). Suppose 0 = 5*f - w - 32, j - 6 = -z*w. What are the prime factors of f?
7
Let o(g) = g**3 + 37*g**2 + 103*g - 85. What are the prime factors of o(-33)?
2, 109
List the prime factors of (-822)/(((-14)/(-4) - 5)/1).
2, 137
Suppose 4*w + 2*f = 342, 3*w + 5*f - 254 = 3*f. Suppose 4*s + w - 312 = 0. What are the prime factors of s?
2, 7
Let w = -24 + 27. Suppose -65 = -z - w*a + 68, -3*z + 435 = -3*a. What are the prime factors of z?
2, 71
Suppose -5*y - r + 58 = 2*r, 5*y - 50 = -5*r. Let m(d) = -d + 47. List the prime factors of m(y).
3, 11
Suppose -1496 = k - 4212. What are the prime factors of k?
2, 7, 97
Let j be 11/(-2 - (-46)/24). List the prime factors of j*(11/(-3) - -3).
2, 11
Let p(z) = 139*z**2 - 5*z - 5. List the prime factors of p(-4).
2239
Let s = -3 - -33. Let h = s + -18. What are the prime factors of h?
2, 3
Let h(q) = -q. Let w(c) = -c**2 - 4*c + 4. Let b(y) = 14*h(y) - 2*w(y). What are the prime factors of b(-4)?
2, 3
Let t be (15/12)/((-6)/(-48)). Let v = t + 66. List the prime factors of v.
2, 19
List the prime factors of (0 - 26/(-4))/((-45)/(-2250)).
5, 13
Let p(r) = 1103*r**2 + 4*r + 2. Let x be p(-1). What are the prime factors of 2/8 + 1*x/12?
2, 23
Let c(v) = -v + 14. Let r be 235/(-35) + (-2)/7. What are the prime factors of c(r)?
3, 7
Suppose 4 - 43 = -3*g. Let b = 102 - 98. Suppose 2*l - v = g, -l + v = b*l - 25. List the prime factors of l.
2
Suppose 4692 = -15*j + 18492. What are the prime factors of j?
2, 5, 23
Suppose -4*g - 3*j + 2508 = 0, -4*j + 2512 = 4*g - 0*j. Suppose -10*d = -22*d + g. List the prime factors of d.
2, 13
List the prime factors of -42 - -31 - (-1379 + -3).
3, 457
Suppose 4*r - 412 = -2*b, -51 = -5*r + 3*b + 475. Suppose 5 = 3*h - 4. Suppose r = h*v + v. What are the prime factors of v?
2, 13
Let g(m) = -312*m**3 - 2*m**2 - m - 1. List the prime factors of g(-1).
2, 5, 31
What are t